{"id":12,"date":"2015-05-15T15:08:42","date_gmt":"2015-05-15T15:08:42","guid":{"rendered":"http:\/\/test.kriesi.at\/church\/?page_id=12"},"modified":"2025-02-08T12:38:12","modified_gmt":"2025-02-08T11:38:12","slug":"home","status":"publish","type":"page","link":"https:\/\/erste-jaeger.de\/","title":{"rendered":"Home"},"content":{"rendered":"<div id='full_slider_1'  class='avia-fullwidth-slider main_color avia-shadow   avia-builder-el-0  el_before_av_section  avia-builder-el-first   container_wrap sidebar_right'  ><div  class='avia-slideshow av-p31nk-6948a57e9ddda57eefebb0d52686297b avia-slideshow-no scaling av_slideshow_full avia-slide-slider av-slideshow-ui av-control-minimal av-slideshow-manual av-loop-once av-loop-manual-endless av-default-height-applied  image_no_stretch avia-slideshow-1' data-slideshow-options=\"{&quot;animation&quot;:&quot;slide&quot;,&quot;autoplay&quot;:false,&quot;loop_autoplay&quot;:&quot;once&quot;,&quot;interval&quot;:5,&quot;loop_manual&quot;:&quot;manual-endless&quot;,&quot;autoplay_stopper&quot;:false,&quot;noNavigation&quot;:false,&quot;bg_slider&quot;:false,&quot;keep_padding&quot;:false,&quot;hoverpause&quot;:false,&quot;show_slide_delay&quot;:0}\"  itemprop=\"image\" itemscope=\"itemscope\" itemtype=\"https:\/\/schema.org\/ImageObject\" ><ul class='avia-slideshow-inner ' style='padding-bottom: 41.7578125%;'><li  class='avia-slideshow-slide av-p31nk-6948a57e9ddda57eefebb0d52686297b__0  av-single-slide slide-1 slide-odd'><div data-rel='slideshow-1' class='avia-slide-wrap '   ><div class='av-slideshow-caption av-p31nk-6948a57e9ddda57eefebb0d52686297b__0 caption_fullwidth caption_bottom'><div class=\"container caption_container\"><div class=\"slideshow_caption\"><div class=\"slideshow_inner_caption\"><div class=\"slideshow_align_caption\"><h2 class='avia-caption-title '  itemprop=\"name\" >K\u00f6nigskompanie 2023\/24<\/h2><\/div><\/div><\/div><\/div><\/div><img fetchpriority=\"high\" class=\"wp-image-1404 avia-img-lazy-loading-not-1404\"  src='https:\/\/erste-jaeger.de\/wp-content\/uploads\/2023\/08\/sharpen_IMG_2580-scaled.jpg' width='2560' height='1069' title='sharpen_IMG_2580' alt=''  itemprop=\"thumbnailUrl\"   \/><\/div><\/li><\/ul><\/div><\/div>\n<div id='av_section_1'  class='avia-section av-nl9e0-102d17ea55d3948e917c86baf8187ed6 alternate_color avia-section-default avia-no-border-styling  avia-builder-el-1  el_after_av_slideshow_full  el_before_av_section  avia-bg-style-scroll container_wrap sidebar_right'  ><div class='container av-section-cont-open' ><div class='template-page content  av-content-small alpha units'><div class='post-entry post-entry-type-page post-entry-12'><div class='entry-content-wrapper clearfix'>\n<div class='flex_column_table av-mzs5w-3ac39ac6439fd1210dd8cc12547992ed sc-av_two_third av-equal-height-column-flextable'>\n<style type=\"text\/css\" data-created_by=\"avia_inline_auto\" id=\"style-css-av-mzs5w-3ac39ac6439fd1210dd8cc12547992ed\">\n.flex_column.av-mzs5w-3ac39ac6439fd1210dd8cc12547992ed{\nborder-radius:0px 0px 0px 0px;\npadding:0px 0px 0px 0px;\n}\n<\/style>\n<div  class='flex_column av-mzs5w-3ac39ac6439fd1210dd8cc12547992ed av_two_third  avia-builder-el-2  el_before_av_one_third  avia-builder-el-first  first flex_column_table_cell av-equal-height-column av-align-middle av-zero-column-padding  '     ><style type=\"text\/css\" data-created_by=\"avia_inline_auto\" id=\"style-css-av-2dys-23cf7b32d31e8e62bd829ec6714d5cea\">\n#top .av-special-heading.av-2dys-23cf7b32d31e8e62bd829ec6714d5cea{\npadding-bottom:0;\nfont-size:28px;\n}\nbody .av-special-heading.av-2dys-23cf7b32d31e8e62bd829ec6714d5cea .av-special-heading-tag .heading-char{\nfont-size:25px;\n}\n#top #wrap_all .av-special-heading.av-2dys-23cf7b32d31e8e62bd829ec6714d5cea .av-special-heading-tag{\nfont-size:28px;\n}\n.av-special-heading.av-2dys-23cf7b32d31e8e62bd829ec6714d5cea .av-subheading{\nfont-size:15px;\n}\n\n@media only screen and (min-width: 480px) and (max-width: 767px){ \n#top #wrap_all .av-special-heading.av-2dys-23cf7b32d31e8e62bd829ec6714d5cea .av-special-heading-tag{\nfont-size:0.8em;\n}\n}\n\n@media only screen and (max-width: 479px){ \n#top #wrap_all .av-special-heading.av-2dys-23cf7b32d31e8e62bd829ec6714d5cea .av-special-heading-tag{\nfont-size:0.8em;\n}\n}\n<\/style>\n<div  class='av-special-heading av-2dys-23cf7b32d31e8e62bd829ec6714d5cea av-special-heading-h4 blockquote modern-quote  avia-builder-el-3  avia-builder-el-no-sibling  av-inherit-size'><h4 class='av-special-heading-tag '  itemprop=\"headline\"  >Herzlich Willkommen!<\/h4><div class=\"special-heading-border\"><div class=\"special-heading-inner-border\"><\/div><\/div><\/div><\/div><div class='av-flex-placeholder'><\/div>\n<style type=\"text\/css\" data-created_by=\"avia_inline_auto\" id=\"style-css-av-276mk-27037137e16ce3964d392bfeeebe107f\">\n.flex_column.av-276mk-27037137e16ce3964d392bfeeebe107f{\nborder-radius:0px 0px 0px 0px;\npadding:0px 0px 0px 0px;\n}\n<\/style>\n<div  class='flex_column av-276mk-27037137e16ce3964d392bfeeebe107f av_one_third  avia-builder-el-4  el_after_av_two_third  el_before_av_hr  flex_column_table_cell av-equal-height-column av-align-middle av-zero-column-padding  '     ><div  class='avia-button-wrap avia-button-center  avia-builder-el-5  avia-builder-el-no-sibling '>\n<style type=\"text\/css\" data-created_by=\"avia_inline_auto\" id=\"style-css-av-lfcj0-5716cb7e28cab3c116f803088d142ce4\">\n#top #wrap_all .avia-button.av-lfcj0-5716cb7e28cab3c116f803088d142ce4{\nbackground-color:#44bb9b;\nborder-color:#44bb9b;\ncolor:#ffffff;\ntransition:all 0.4s ease-in-out;\n}\n#top #wrap_all .avia-button.av-lfcj0-5716cb7e28cab3c116f803088d142ce4:hover{\nbackground-color:#5bbaa0;\ncolor:#ffffff;\ntransition:all 0.4s ease-in-out;\n}\n#top #wrap_all .avia-button.av-lfcj0-5716cb7e28cab3c116f803088d142ce4 .avia-svg-icon svg:first-child{\nfill:#ffffff;\nstroke:#ffffff;\n}\n#top #wrap_all .avia-button.av-lfcj0-5716cb7e28cab3c116f803088d142ce4:hover .avia-svg-icon svg:first-child{\nfill:#ffffff;\nstroke:#ffffff;\n}\n<\/style>\n<a href='https:\/\/erste-jaeger.de\/?page_id=15' class='avia-button avia-button-fullwidth av-lfcj0-5716cb7e28cab3c116f803088d142ce4 avia-icon_select-yes-right-icon avia-color-custom'   aria-label=\"Aktuelles\"><span class='avia_iconbox_title' >Aktuelles<\/span><span class='avia_button_icon avia_button_icon_right avia-iconfont avia-font-entypo-fontello' data-av_icon='\ue81f' data-av_iconfont='entypo-fontello' ><\/span><\/a><\/div><\/div><\/div><!--close column table wrapper. Autoclose: 1 -->\n<style type=\"text\/css\" data-created_by=\"avia_inline_auto\" id=\"style-css-av-krvgs-f3173bcd1a0dec1fc8b4d65d1b316e7d\">\n#top .hr.hr-invisible.av-krvgs-f3173bcd1a0dec1fc8b4d65d1b316e7d{\nheight:45px;\n}\n<\/style>\n<div  class='hr av-krvgs-f3173bcd1a0dec1fc8b4d65d1b316e7d hr-invisible  avia-builder-el-6  el_after_av_one_third  avia-builder-el-last '><span class='hr-inner '><span class=\"hr-inner-style\"><\/span><\/span><\/div>\n\n<\/div><\/div><\/div><!-- close content main div --><\/div><\/div><div id='av_section_2'  class='avia-section av-jq624-2f6166916204b2b1176627431d3568b1 main_color avia-section-small avia-no-border-styling  avia-builder-el-7  el_after_av_section  el_before_av_section  avia-bg-style-scroll container_wrap sidebar_right'  ><div class='container av-section-cont-open' ><div class='template-page content  av-content-small alpha units'><div class='post-entry post-entry-type-page post-entry-12'><div class='entry-content-wrapper clearfix'>\n<div class='flex_column_table av-jltqc-ad67a6cb25819180c8374449615c10b2 sc-av_three_fifth av-equal-height-column-flextable'>\n<style type=\"text\/css\" data-created_by=\"avia_inline_auto\" id=\"style-css-av-jltqc-ad67a6cb25819180c8374449615c10b2\">\n#top .flex_column_table.av-equal-height-column-flextable.av-jltqc-ad67a6cb25819180c8374449615c10b2{\nmargin-top:-60px;\nmargin-bottom:0px;\n}\n.flex_column.av-jltqc-ad67a6cb25819180c8374449615c10b2{\nborder-radius:0px 0px 0px 0px;\npadding:30px 30px 30px 30px;\nbackground-color:#ffffff;\n}\n<\/style>\n<div  class='flex_column av-jltqc-ad67a6cb25819180c8374449615c10b2 av_three_fifth  avia-builder-el-8  el_before_av_two_fifth  avia-builder-el-first  first no_margin flex_column_table_cell av-equal-height-column av-align-top  '     ><p>\n<style type=\"text\/css\" data-created_by=\"avia_inline_auto\" id=\"style-css-av-ibgzc-13ea142497454043b3e42092e27dadf6\">\n#top .hr.hr-invisible.av-ibgzc-13ea142497454043b3e42092e27dadf6{\nmargin-top:-30px;\nheight:1px;\n}\n<\/style>\n<div  class='hr av-ibgzc-13ea142497454043b3e42092e27dadf6 hr-invisible  avia-builder-el-9  el_before_av_heading  avia-builder-el-first '><span class='hr-inner '><span class=\"hr-inner-style\"><\/span><\/span><\/div><br \/>\n\n<style type=\"text\/css\" data-created_by=\"avia_inline_auto\" id=\"style-css-av-wxt8-11874ef177e034f3c16e6dc6b6895daa\">\n#top .av-special-heading.av-wxt8-11874ef177e034f3c16e6dc6b6895daa{\npadding-bottom:0;\n}\nbody .av-special-heading.av-wxt8-11874ef177e034f3c16e6dc6b6895daa .av-special-heading-tag .heading-char{\nfont-size:25px;\n}\n.av-special-heading.av-wxt8-11874ef177e034f3c16e6dc6b6895daa .av-subheading{\nfont-size:15px;\n}\n<\/style>\n<div  class='av-special-heading av-wxt8-11874ef177e034f3c16e6dc6b6895daa av-special-heading-h2 blockquote modern-quote  avia-builder-el-10  el_after_av_hr  el_before_av_textblock '><h2 class='av-special-heading-tag '  itemprop=\"headline\"  >Aus Tradition und Leidenschaft<\/h2><div class=\"special-heading-border\"><div class=\"special-heading-inner-border\"><\/div><\/div><\/div><br \/>\n<section  class='av_textblock_section av-gugq4-3d5d56d8d245dd9e3dd65752b2371d27 '   itemscope=\"itemscope\" itemtype=\"https:\/\/schema.org\/CreativeWork\" ><div class='avia_textblock'  itemprop=\"text\" ><p class=\"lead\">Hallo und herzlich Willkommen auf den Webseiten der\u00a0<b>1. J\u00e4ger-Kompanie D\u00fcsseldorf-Himmelgeist<\/b>, Mitglied der\u00a0<b><a href=\"http:\/\/www.schuetzen-himmelgeist.de\/\" target=\"_blank\" rel=\"noopener\">St. Sebastianus Sch\u00fctzenbruderschaft von 1641 D\u00fcsseldorf-Himmelgeist e.V.<\/a><\/b>.<\/p>\n<p>Wir informieren Sie auf den nachfolgenden Seiten \u00fcber unsere aktuellen Veranstaltungstermine, m\u00f6chten Sie gerne in unserer\u00a0Chronik\u00a0mit unserer\u00a0Geschichte\u00a0vertraut machen und bieten Ihnen mit dem\u00a0Jahresr\u00fcckblick, unsere sch\u00f6nsten Momente aus dem jeweils letzten Sch\u00fctzenjahr.<\/p>\n<p>Wenn Sie Lob, Anregungen, W\u00fcnsche oder Kritik anbringen m\u00f6chten, k\u00f6nnen Sie das\u00a0hier\u00a0tun. \u00dcber Lob freuen wir uns nat\u00fcrlich am meisten, aber auch Ihre Kritik wird von uns ernst genommen.<\/p>\n<p>Und nun viel Spa\u00df beim Surfen \ud83d\ude42<\/p>\n<\/div><\/section><\/p><\/div>\n<style type=\"text\/css\" data-created_by=\"avia_inline_auto\" id=\"style-css-av-1ndz0-2ea40dd573eb3d5054b1a6c297d67a34\">\n#top .flex_column_table.av-equal-height-column-flextable.av-1ndz0-2ea40dd573eb3d5054b1a6c297d67a34{\nmargin-top:-60px;\nmargin-bottom:0px;\n}\n.flex_column.av-1ndz0-2ea40dd573eb3d5054b1a6c297d67a34{\nborder-radius:0px 0px 0px 0px;\npadding:30px 30px 30px 30px;\nbackground-color:#ffffff;\n}\n<\/style>\n<div  class='flex_column av-1ndz0-2ea40dd573eb3d5054b1a6c297d67a34 av_two_fifth  avia-builder-el-12  el_after_av_three_fifth  avia-builder-el-last  no_margin flex_column_table_cell av-equal-height-column av-align-top avia-full-stretch  '     ><p>\n<style type=\"text\/css\" data-created_by=\"avia_inline_auto\" id=\"style-css-av-eyesw-ea9330c35ec33de4572e040cedaa6a3d\">\n#top .hr.hr-invisible.av-eyesw-ea9330c35ec33de4572e040cedaa6a3d{\nmargin-top:-30px;\nheight:1px;\n}\n<\/style>\n<div  class='hr av-eyesw-ea9330c35ec33de4572e040cedaa6a3d hr-invisible  avia-builder-el-13  el_before_av_heading  avia-builder-el-first '><span class='hr-inner '><span class=\"hr-inner-style\"><\/span><\/span><\/div><br \/>\n\n<style type=\"text\/css\" data-created_by=\"avia_inline_auto\" id=\"style-css-av-llz7fx8e-aa922f9be23be4d194d3afd4af390a6d\">\n#top .av-special-heading.av-llz7fx8e-aa922f9be23be4d194d3afd4af390a6d{\nmargin:0 0 10px 0;\npadding-bottom:10px;\n}\nbody .av-special-heading.av-llz7fx8e-aa922f9be23be4d194d3afd4af390a6d .av-special-heading-tag .heading-char{\nfont-size:25px;\n}\n.av-special-heading.av-llz7fx8e-aa922f9be23be4d194d3afd4af390a6d .av-subheading{\nfont-size:15px;\n}\n<\/style>\n<div  class='av-special-heading av-llz7fx8e-aa922f9be23be4d194d3afd4af390a6d av-special-heading-h3 blockquote modern-quote modern-centered  avia-builder-el-14  el_after_av_hr  el_before_av_image '><h3 class='av-special-heading-tag '  itemprop=\"headline\"  >Unser Regiments-Kaiserpaar 2024\/25<\/h3><div class=\"special-heading-border\"><div class=\"special-heading-inner-border\"><\/div><\/div><\/div><br \/>\n\n<style type=\"text\/css\" data-created_by=\"avia_inline_auto\" id=\"style-css-av-kw8xr1mk-ddb036fd19a1b9d49cb48437a8b1a1cb\">\n.avia-image-container.av-kw8xr1mk-ddb036fd19a1b9d49cb48437a8b1a1cb img.avia_image{\nbox-shadow:none;\n}\n.avia-image-container.av-kw8xr1mk-ddb036fd19a1b9d49cb48437a8b1a1cb .av-image-caption-overlay-center{\ncolor:#ffffff;\n}\n<\/style>\n<div  class='avia-image-container av-kw8xr1mk-ddb036fd19a1b9d49cb48437a8b1a1cb av-styling- avia-align-center  avia-builder-el-15  el_after_av_heading  el_before_av_textblock '   itemprop=\"image\" itemscope=\"itemscope\" itemtype=\"https:\/\/schema.org\/ImageObject\" ><div class=\"avia-image-container-inner\"><div class=\"avia-image-overlay-wrap\"><img fetchpriority=\"high\" class='wp-image-1275 avia-img-lazy-loading-not-1275 avia_image ' src='https:\/\/erste-jaeger.de\/wp-content\/uploads\/2021\/12\/2018_slide_schuetzenfest7.jpg' alt='' title='2018_slide_schuetzenfest7'  height=\"610\" width=\"610\"  itemprop=\"thumbnailUrl\"  \/><\/div><\/div><\/div><br \/>\n<section  class='av_textblock_section av-m6w4fz82-557346be65baf93330219cfc66ae1cc0 '   itemscope=\"itemscope\" itemtype=\"https:\/\/schema.org\/CreativeWork\" ><div class='avia_textblock'  itemprop=\"text\" ><p style=\"text-align: center;\">Michael und Simone Bergmann<\/p>\n<\/div><\/section><br \/>\n\n<style type=\"text\/css\" data-created_by=\"avia_inline_auto\" id=\"style-css-av-m6w4bpq2-95f4aff1ac2c028672a2036ab7b21eac\">\n#top .av-special-heading.av-m6w4bpq2-95f4aff1ac2c028672a2036ab7b21eac{\nmargin:0 0 10px 0;\npadding-bottom:10px;\n}\nbody .av-special-heading.av-m6w4bpq2-95f4aff1ac2c028672a2036ab7b21eac .av-special-heading-tag .heading-char{\nfont-size:25px;\n}\n.av-special-heading.av-m6w4bpq2-95f4aff1ac2c028672a2036ab7b21eac .av-subheading{\nfont-size:15px;\n}\n<\/style>\n<div  class='av-special-heading av-m6w4bpq2-95f4aff1ac2c028672a2036ab7b21eac av-special-heading-h3 blockquote modern-quote modern-centered  avia-builder-el-17  el_after_av_textblock  el_before_av_image '><h3 class='av-special-heading-tag '  itemprop=\"headline\"  >Unser Kompanie-K\u00f6nigspaar 2024\/25<\/h3><div class=\"special-heading-border\"><div class=\"special-heading-inner-border\"><\/div><\/div><\/div><br \/>\n\n<style type=\"text\/css\" data-created_by=\"avia_inline_auto\" id=\"style-css-av-m6w4c7ut-c889c248074b40325196ada924ba7f2f\">\n.avia-image-container.av-m6w4c7ut-c889c248074b40325196ada924ba7f2f img.avia_image{\nbox-shadow:none;\n}\n.avia-image-container.av-m6w4c7ut-c889c248074b40325196ada924ba7f2f .av-image-caption-overlay-center{\ncolor:#ffffff;\n}\n<\/style>\n<div  class='avia-image-container av-m6w4c7ut-c889c248074b40325196ada924ba7f2f av-styling- avia-align-center  avia-builder-el-18  el_after_av_heading  el_before_av_textblock '   itemprop=\"image\" itemscope=\"itemscope\" itemtype=\"https:\/\/schema.org\/ImageObject\" ><div class=\"avia-image-container-inner\"><div class=\"avia-image-overlay-wrap\"><img fetchpriority=\"high\" class='wp-image-1718 avia-img-lazy-loading-not-1718 avia_image ' src='https:\/\/erste-jaeger.de\/wp-content\/uploads\/2025\/02\/IMG-20250208-WA0001-1-845x684.jpg' alt='' title='IMG-20250208-WA0001 (1)'  height=\"684\" width=\"845\"  itemprop=\"thumbnailUrl\"  \/><\/div><\/div><\/div><br \/>\n<section  class='av_textblock_section av-kw8xslxi-5868d7da169ed1f6c188679f34a13c2a '   itemscope=\"itemscope\" itemtype=\"https:\/\/schema.org\/CreativeWork\" ><div class='avia_textblock'  itemprop=\"text\" ><p style=\"text-align: center;\">Dieter und Christine Mundschenk<\/p>\n<\/div><\/section><\/p><\/div><\/div><!--close column table wrapper. Autoclose: 1 --><\/div><\/div><\/div><!-- close content main div --><\/div><\/div><div id='av_section_3'  class='avia-section av-a87hk-60a01821c68bbdf5e6dfc0505de24157 main_color avia-section-small avia-no-border-styling  avia-builder-el-20  el_after_av_section  avia-builder-el-last  avia-bg-style-scroll container_wrap sidebar_right'  ><div class='container av-section-cont-open' ><div class='template-page content  av-content-small alpha units'><div class='post-entry post-entry-type-page post-entry-12'><div class='entry-content-wrapper clearfix'>\n<div class='flex_column_table av-a32aw-abe8bb89414ce3eed673467424bd9ffa sc-av_two_third av-equal-height-column-flextable'>\n<style type=\"text\/css\" data-created_by=\"avia_inline_auto\" id=\"style-css-av-a32aw-abe8bb89414ce3eed673467424bd9ffa\">\n.flex_column.av-a32aw-abe8bb89414ce3eed673467424bd9ffa{\nborder-radius:0px 0px 0px 0px;\npadding:30px 30px 30px 30px;\nbackground-color:#ffffff;\n}\n<\/style>\n<div  class='flex_column av-a32aw-abe8bb89414ce3eed673467424bd9ffa av_two_third  avia-builder-el-21  el_before_av_one_third  avia-builder-el-first  first no_margin flex_column_table_cell av-equal-height-column av-align-top  '     ><p>\n<style type=\"text\/css\" data-created_by=\"avia_inline_auto\" id=\"style-css-av-kw8y07a5-fb61cd447986291c0536f98a99cab561\">\n#top .av-special-heading.av-kw8y07a5-fb61cd447986291c0536f98a99cab561{\npadding-bottom:0;\n}\nbody .av-special-heading.av-kw8y07a5-fb61cd447986291c0536f98a99cab561 .av-special-heading-tag .heading-char{\nfont-size:25px;\n}\n.av-special-heading.av-kw8y07a5-fb61cd447986291c0536f98a99cab561 .av-subheading{\nfont-size:15px;\n}\n<\/style>\n<div  class='av-special-heading av-kw8y07a5-fb61cd447986291c0536f98a99cab561 av-special-heading-h3 blockquote modern-quote modern-centered  avia-builder-el-22  el_before_av_hr  avia-builder-el-first '><h3 class='av-special-heading-tag '  itemprop=\"headline\"  >Die letzten Meldungen aus der Kompanie<\/h3><div class=\"special-heading-border\"><div class=\"special-heading-inner-border\"><\/div><\/div><\/div><br \/>\n\n<style type=\"text\/css\" data-created_by=\"avia_inline_auto\" id=\"style-css-av-vivw-afe38aff2732cda8202b23f139a69fcd\">\n#top .hr.av-vivw-afe38aff2732cda8202b23f139a69fcd{\nmargin-top:20px;\nmargin-bottom:30px;\n}\n.hr.av-vivw-afe38aff2732cda8202b23f139a69fcd .hr-inner{\nwidth:45%;\nmax-width:45%;\n}\n.hr.av-vivw-afe38aff2732cda8202b23f139a69fcd .av-seperator-icon{\ncolor:#658529;\n}\n.hr.av-vivw-afe38aff2732cda8202b23f139a69fcd .av-seperator-icon.avia-svg-icon svg:first-child{\nfill:#658529;\nstroke:#658529;\n}\n<\/style>\n<div  class='hr av-vivw-afe38aff2732cda8202b23f139a69fcd hr-custom  avia-builder-el-23  el_after_av_heading  el_before_av_magazine  hr-center hr-icon-yes'><span class='hr-inner inner-border-av-border-thin'><span class=\"hr-inner-style\"><\/span><\/span><span class='av-seperator-icon avia-iconfont avia-font-entypo-fontello' data-av_icon='\ue8bf' data-av_iconfont='entypo-fontello' ><\/span><span class='hr-inner inner-border-av-border-thin'><span class=\"hr-inner-style\"><\/span><\/span><\/div><br \/>\n<div  id=\"avia-magazine-1\"  class='av-magazine av-8bb5w-66b1f51b2064d868041d5a131540515d  avia-builder-el-24  el_after_av_hr  avia-builder-el-last   avia-builder-el-24  el_after_av_hr  avia-builder-el-last ' ><div class='av-magazine-group sort_all'><article class='av-magazine-entry av-magazine-entry-id-1680 av-magazine-format-standard av-magazine-type-post av-magazine-entry-1 av-magazine-entry-small '  itemscope=\"itemscope\" itemtype=\"https:\/\/schema.org\/CreativeWork\" ><div class=\"av-magazine-thumbnail\"><a href='https:\/\/erste-jaeger.de\/?p=1680' title='Link zu: Test Beitrag' class='av-magazine-thumbnail-link'><img decoding=\"async\" fetchpriority=\"high\" width=\"150\" height=\"150\" src=\"https:\/\/erste-jaeger.de\/wp-content\/uploads\/2025\/02\/1-150x150.png\" class=\"wp-image-1684 avia-img-lazy-loading-not-1684 attachment-thumbnail size-thumbnail wp-post-image\" alt=\"\" srcset=\"https:\/\/erste-jaeger.de\/wp-content\/uploads\/2025\/02\/1-150x150.png 150w, https:\/\/erste-jaeger.de\/wp-content\/uploads\/2025\/02\/1-36x36.png 36w, https:\/\/erste-jaeger.de\/wp-content\/uploads\/2025\/02\/1-180x180.png 180w\" sizes=\"(max-width: 150px) 100vw, 150px\" \/><\/a><\/div><div class=\"av-magazine-content-wrap\"><header class=\"entry-content-header\" aria-label=\"Post: Test Beitrag\"><time class='av-magazine-time updated'  itemprop=\"datePublished\" datetime=\"2025-02-05T19:03:24+01:00\" >5. Februar 2025<\/time><h3 class='av-magazine-title entry-title '  itemprop=\"headline\" ><a href='https:\/\/erste-jaeger.de\/?p=1680' title='Link zu: Test Beitrag'>Test Beitrag<\/a><\/h3><\/header><\/div><footer class=\"entry-footer\"><\/footer><\/article><\/div><\/div><\/p><\/div>\n<style type=\"text\/css\" data-created_by=\"avia_inline_auto\" id=\"style-css-av-7as70-c1acf15978e11f26187d137a7e68ddef\">\n.flex_column.av-7as70-c1acf15978e11f26187d137a7e68ddef{\nborder-radius:0px 0px 0px 0px;\npadding:30px 30px 30px 30px;\nbackground-color:#ffffff;\n}\n<\/style>\n<div  class='flex_column av-7as70-c1acf15978e11f26187d137a7e68ddef av_one_third  avia-builder-el-25  el_after_av_two_third  avia-builder-el-last  no_margin flex_column_table_cell av-equal-height-column av-align-top  '     ><p>\n<style type=\"text\/css\" data-created_by=\"avia_inline_auto\" id=\"style-css-av-szu4-c30864116bfac7ee233ff2c3bf33890b\">\n#top .av-special-heading.av-szu4-c30864116bfac7ee233ff2c3bf33890b{\npadding-bottom:0;\n}\nbody .av-special-heading.av-szu4-c30864116bfac7ee233ff2c3bf33890b .av-special-heading-tag .heading-char{\nfont-size:25px;\n}\n.av-special-heading.av-szu4-c30864116bfac7ee233ff2c3bf33890b .av-subheading{\nfont-size:15px;\n}\n<\/style>\n<div  class='av-special-heading av-szu4-c30864116bfac7ee233ff2c3bf33890b av-special-heading-h3 blockquote modern-quote modern-centered  avia-builder-el-26  el_before_av_hr  avia-builder-el-first '><h3 class='av-special-heading-tag '  itemprop=\"headline\"  >Die n\u00e4chsten Termine<\/h3><div class=\"special-heading-border\"><div class=\"special-heading-inner-border\"><\/div><\/div><\/div><br \/>\n\n<style type=\"text\/css\" data-created_by=\"avia_inline_auto\" id=\"style-css-av-63iv4-8ad0d6da93c35516b893d1961bd80514\">\n#top .hr.av-63iv4-8ad0d6da93c35516b893d1961bd80514{\nmargin-top:20px;\nmargin-bottom:30px;\n}\n.hr.av-63iv4-8ad0d6da93c35516b893d1961bd80514 .hr-inner{\nwidth:45%;\nmax-width:45%;\n}\n.hr.av-63iv4-8ad0d6da93c35516b893d1961bd80514 .av-seperator-icon{\ncolor:#658529;\n}\n.hr.av-63iv4-8ad0d6da93c35516b893d1961bd80514 .av-seperator-icon.avia-svg-icon svg:first-child{\nfill:#658529;\nstroke:#658529;\n}\n<\/style>\n<div  class='hr av-63iv4-8ad0d6da93c35516b893d1961bd80514 hr-custom  avia-builder-el-27  el_after_av_heading  el_before_av_upcoming_events  hr-center hr-icon-yes'><span class='hr-inner inner-border-av-border-thin'><span class=\"hr-inner-style\"><\/span><\/span><span class='av-seperator-icon avia-iconfont avia-font-entypo-fontello' data-av_icon='\ue8bf' data-av_iconfont='entypo-fontello' ><\/span><span class='hr-inner inner-border-av-border-thin'><span class=\"hr-inner-style\"><\/span><\/span><\/div><br \/>\n<\/p><\/div><\/div><!--close column table wrapper. Autoclose: 1 -->\n<\/div><\/div><\/div><!-- close content main div --><\/div><\/div><div id='after_section_3'  class='main_color av_default_container_wrap container_wrap sidebar_right'  ><div class='container av-section-cont-open' ><div class='template-page content  av-content-small alpha units'><div class='post-entry post-entry-type-page post-entry-12'><div class='entry-content-wrapper clearfix'><\/p>\n","protected":false},"excerpt":{"rendered":"","protected":false},"author":1,"featured_media":0,"parent":0,"menu_order":0,"comment_status":"open","ping_status":"closed","template":"","meta":{"footnotes":""},"categories":[],"tags":[],"class_list":["post-12","page","type-page","status-publish","hentry"],"jetpack_sharing_enabled":true,"_links":{"self":[{"href":"https:\/\/erste-jaeger.de\/index.php?rest_route=\/wp\/v2\/pages\/12","targetHints":{"allow":["GET"]}}],"collection":[{"href":"https:\/\/erste-jaeger.de\/index.php?rest_route=\/wp\/v2\/pages"}],"about":[{"href":"https:\/\/erste-jaeger.de\/index.php?rest_route=\/wp\/v2\/types\/page"}],"author":[{"embeddable":true,"href":"https:\/\/erste-jaeger.de\/index.php?rest_route=\/wp\/v2\/users\/1"}],"replies":[{"embeddable":true,"href":"https:\/\/erste-jaeger.de\/index.php?rest_route=%2Fwp%2Fv2%2Fcomments&post=12"}],"version-history":[{"count":0,"href":"https:\/\/erste-jaeger.de\/index.php?rest_route=\/wp\/v2\/pages\/12\/revisions"}],"wp:attachment":[{"href":"https:\/\/erste-jaeger.de\/index.php?rest_route=%2Fwp%2Fv2%2Fmedia&parent=12"}],"wp:term":[{"taxonomy":"category","embeddable":true,"href":"https:\/\/erste-jaeger.de\/index.php?rest_route=%2Fwp%2Fv2%2Fcategories&post=12"},{"taxonomy":"post_tag","embeddable":true,"href":"https:\/\/erste-jaeger.de\/index.php?rest_route=%2Fwp%2Fv2%2Ftags&post=12"}],"curies":[{"name":"wp","href":"https:\/\/api.w.org\/{rel}","templated":true}]}}